 3*i = i + r. What is the units digit of i?
4
Suppose 0 = 3*a + p + 3*p - 18436, 4*a - 24568 = -2*p. What is the thousands digit of a?
6
Suppose r + 4*p = 2347, 6*r + 2*p - 6*p = 14166. What is the tens digit of r?
5
Let j be 61 + (0 - 0/(-1)). Let p = -47 + j. What is the units digit of p?
4
Let k(d) = -4*d + 33. Let w be k(6). Suppose -1293 = -w*v - 222. What is the tens digit of v?
1
Let f(v) = 1 + 2 + 0 - 6*v + 4. Let q(h) = 3*h - 3. Let b(o) = -2*f(o) - 5*q(o). What is the units digit of b(-1)?
4
Let j = 2456 - 1372. What is the hundreds digit of j?
0
What is the hundreds digit of ((-3)/1)/(36/(-1680))?
1
Let t(z) = 173*z**2 + 4*z - 34. What is the hundreds digit of t(-6)?
1
Let h(u) = 3*u**3 - 11*u**2 - 4*u. What is the units digit of h(9)?
0
Let w = -4 + 9. Let i(b) = 9*b + 1. Let h be i(w). Suppose 14 + h = 3*l. What is the tens digit of l?
2
Let n(y) = -2*y + 5*y**2 + 4 - y**3 + y - 3*y. Suppose -5*m + 15 = 0, -21 = -4*b - 3*m - 0. What is the units digit of n(b)?
0
Let i(j) = j - 12. Let k be i(12). Let w = 2 - -2. Suppose k = w*s + 46 - 258. What is the tens digit of s?
5
Suppose 2*x + 6*i - 222 = 2*i, 5*x - i - 610 = 0. What is the tens digit of x?
2
Let i(w) = -w**3 + 3*w**2 - 2*w + 1. Let n be i(2). Let q = n - -5. Suppose 165 = -p + q*p. What is the tens digit of p?
3
Suppose -n + 6*n - 5 = 0. Suppose -37 = -3*p - n. Suppose -z + p = -0*r - 3*r, 0 = -r - 3. What is the units digit of z?
3
Suppose -11*d - 795 = -9265. What is the hundreds digit of d?
7
Let f(g) = g**3 + 6*g**2 + 2*g - 8. Suppose -3*m + 4*h = 31, -3*h - 7 + 34 = -3*m. What is the units digit of f(m)?
7
Let a be (-14)/((-4 - -3)/9). Let t = a + -70. What is the tens digit of t?
5
Let o(u) = u**3 - 8*u**2 - u + 11. Let j be o(8). Suppose -790 = -j*l - 2*l + 4*k, 3*k + 15 = 0. What is the tens digit of l?
5
Suppose -5*f - 7 = -4*z - 0, z + 4*f - 7 = 0. Let q(o) = -o**3 - o + 3. Let j be q(z). Let p = -8 - j. What is the units digit of p?
9
Suppose -18*y = -21*y + 2784. Suppose 9*r - 1745 - y = 0. What is the units digit of r?
7
Let q(x) = 2*x**2 + 24*x + 483. What is the units digit of q(-40)?
3
Let u = 502 - 90. What is the tens digit of u?
1
Suppose -26*s + 108*s - 230502 = 0. What is the units digit of s?
1
Let s = 2379 - 1671. What is the tens digit of s?
0
Suppose 0 = -170*s + 168*s - 8, 2*f = 4*s + 682. What is the tens digit of f?
3
Suppose 365 + 251 = 11*a. What is the tens digit of a?
5
Suppose -83*r = -70*r - 26715. What is the tens digit of r?
5
Let c be 18/(-8) + (-2)/(-8). Suppose i + 3*g - 49 = 0, 0 = 5*i + g - 81 - 108. What is the units digit of 1 + i - (0 + c)?
0
Suppose 0 = -2*p + 3787 + 1757. What is the units digit of p?
2
Let s = -3348 + 5735. What is the hundreds digit of s?
3
Let j be (-14 + 2)*(-9)/(-6). Let r be -1 + 4 + j + 3. Let l = r + 43. What is the tens digit of l?
3
Suppose 4*p = 3*h + 4 - 3, 4*h - 5 = -p. Let n = -1 + p. Suppose n*d + 84 = 3*d. What is the units digit of d?
8
Let f(i) be the second derivative of 0 - 4/3*i**4 - 5*i - 1/20*i**5 - 5/2*i**3 + 5*i**2. What is the tens digit of f(-15)?
1
Let y(r) be the first derivative of r**4/4 - 7*r**2/2 + 5*r + 5. What is the tens digit of y(4)?
4
Suppose 3*l + 4*d = 24, -d + 2*d = -l + 9. Suppose 0 = -15*i + l*i + 873. What is the hundreds digit of i?
2
Let b = 14 - -2. Suppose 0 = -5*y - 1 + b. Suppose -55 = -5*u + y*v, -5*v + 0*v - 45 = -5*u. What is the units digit of u?
4
Suppose -f - 5 = c, -c - 12 - 3 = 3*f. Suppose c = -b + 4*b - 24. Suppose -g = 3*s - b, s + 8 + 11 = 4*g. What is the units digit of s?
1
Suppose 0 = b - i - 85 - 182, -3*i = -4*b + 1066. What is the tens digit of b?
6
Let p(t) = -681*t + 50. What is the units digit of p(-1)?
1
Suppose -4*p = -5*s + 3 - 204, 2*p - 4*s - 96 = 0. What is the tens digit of (22 - 0) + (p/(-9) - -7)?
2
Suppose 5*k = 3*i + 984, -2*i - 7 = -1. Let f = -116 + k. What is the units digit of f?
9
Let i(z) be the first derivative of 13*z**3/3 - z**2/2 - 13*z - 37. What is the tens digit of i(4)?
9
Let b = 98 + -225. Let n = 203 + b. What is the units digit of n?
6
Suppose 5*s - 3614 = -1134. Suppose 7*o = 11*o - s. What is the tens digit of o?
2
Let q(z) be the second derivative of -z**5/20 - 5*z**4/12 + z**3/3 + 11*z**2/2 - 3*z. What is the units digit of q(-5)?
1
Suppose -27*a - 6 = -30*a. Let h(j) = -j**3 - j**2 + 5. Let g be h(-5). Suppose a*m - 7*m = -g. What is the tens digit of m?
2
Suppose 2*n = -2*n + 2*a + 22, -20 = -5*n - 5*a. Suppose n*g = 4*x - 38, -4*g = 2*x - 5*g - 16. Suppose 8*i - x*i - 2 = 0. What is the units digit of i?
2
Suppose -2*u + 431 = -p + 2*p, 1659 = 4*p - 5*u. What is the units digit of p?
1
Let k be 2 + (-9)/3 + 9. Suppose 4 = 3*r - k. What is the tens digit of 15 - r/(-4) - 0?
1
Let w(h) = -h**2 + 19*h + 9. Let n be w(19). Let g = n - -11. What is the tens digit of g?
2
Let m = -19 - -23. Suppose -3*a = -0*a. Suppose -m*b + b + 90 = a. What is the units digit of b?
0
Suppose 0 = 5*n + 6*m - 9097, 3642 = -22*n + 24*n + 4*m. What is the tens digit of n?
1
Suppose 19*d - 48*d + 5307 = 0. What is the hundreds digit of d?
1
Suppose -67*a + 58*a + 6462 = 0. What is the hundreds digit of a?
7
Suppose -4*i + 8 = -0. Suppose i*f + 0 - 10 = 0. Suppose -3*u - 47 = -5*a - 115, 0 = -a + f. What is the units digit of u?
1
Suppose -3*l - 9 = 3*t, -3*l - 2*t - 2 = 2. What is the units digit of 15235/22*l/5?
7
Suppose 2*d - 4702 = -2*k, 30*k - 26*k + 7018 = 3*d. What is the hundreds digit of d?
3
Let g = -2308 + 4267. What is the tens digit of g?
5
Suppose -53*j = -16*j - 64047. What is the hundreds digit of j?
7
Let v(r) be the second derivative of 7*r**3/3 + 5*r**2/2 + 16*r. What is the hundreds digit of v(7)?
1
Suppose t = -r + 844, -16*r - 3366 = -4*t - 10*r. What is the tens digit of t?
4
Suppose -c + 10 = -f, -5*f = 4*c - 0*f - 31. Suppose 4*j = 5*s + 3 - 2, -s = -3*j + c. Suppose -s*v = -6*v + 177. What is the units digit of v?
9
Let y(n) = 22*n - 28. Let x(q) = 112*q - 140. Let l(w) = -3*x(w) + 14*y(w). What is the hundreds digit of l(-9)?
2
What is the units digit of (-5 - -6)/(-3)*-3 - -420?
1
Let t = -62 + 62. Suppose 3*n + 2*f - 4*f - 163 = t, 5*n + 4*f - 301 = 0. What is the tens digit of n?
5
Suppose 0*i - 104 = 8*i. What is the units digit of (i*1)/((-3)/15)?
5
Suppose 90 = -2*m - 28*m. Let x(z) = z**3 - 2*z**2 - 2*z + 1. Let s be x(3). What is the units digit of (-2)/(s/18*m)?
3
Suppose 0*l + l = 9. Suppose -11*i + 10 = -l*i. Let q = i - -65. What is the tens digit of q?
7
Let g be -10 + 10 + 2/1 - 2. Suppose 4*x - 140 - 164 = g. What is the tens digit of x?
7
Let s = -1726 - -2878. What is the thousands digit of s?
1
Let o = 0 + 1. Let q be 0/((-9)/(-3) - o). Suppose q*n + 30 = n. What is the tens digit of n?
3
Let q = 2783 - 605. What is the thousands digit of q?
2
Let l(r) = -r**2 - 9*r - 5. Suppose -2*t + 45 = t. Let u = t + -22. What is the units digit of l(u)?
9
What is the tens digit of (15/6)/(1/914)?
8
What is the thousands digit of (87/6)/(((-45)/1580)/(-9))?
4
Suppose 0*q - 3*q - 4*r + 416 = 0, q + 5*r = 124. Suppose -t - q = -b, 2*t - 7*t - 430 = -3*b. What is the hundreds digit of b?
1
Suppose 0*k = 4*k + 24. Let p = -582 + 350. What is the units digit of (-2)/k + p/(-6)?
9
Suppose -c + 368 = -4*w, 8*c - 4*w = 5*c + 1120. What is the tens digit of c?
7
What is the tens digit of 3/(-1)*(-1)/((-6)/(-94))?
4
Let l(s) = s**3 - 14*s**2 + s - 13. Let c be l(14). Suppose 0 = 2*k + 9 - c, -38 = -2*q + 2*k. What is the tens digit of q?
1
Let q(a) = a - 2. Let j(t) = -1. Suppose 3*p + 3 = -9. Let l(z) = p*q(z) + 7*j(z). What is the tens digit of l(-5)?
2
Let z = 77 + -15. Let o = 88 - z. Suppose -152 = -3*g - o. What is the tens digit of g?
4
Let v(i) = i**3 + 6*i**2 + 3. Let n(r) = r**2 + 10*r + 10. Let o be n(-8). Let s be v(o). Suppose 4*q = s*q + 8. What is the units digit of q?
8
Let p(r) = -r**2 + 5*r + 1. Let g be p(4). Suppose 0*s - 92 = -2*y + 2*s, -3*y + 130 = g*s. What is the tens digit of y?
4
Let j(c) be the first derivative of -c**4/6 - 5*c**3/6 + c**2 + 6. Let x(p) be the second derivative of j(p). What is the units digit of x(-4)?
1
What is the tens digit of 5/(-15)*(-4 - (136 - -1))?
4
Suppose 14*d = 19*d - 2590. Suppose d = 11*x - 4*x. What is the tens digit of x?
7
Let q(a) = -a**3 + 